{"id":69,"date":"2016-03-21T10:19:40","date_gmt":"2016-03-21T09:19:40","guid":{"rendered":"http:\/\/www.baumsteigen.at\/babysphaere\/?page_id=69"},"modified":"2024-06-24T23:31:18","modified_gmt":"2024-06-24T21:31:18","slug":"saeuglingspflege","status":"publish","type":"page","link":"https:\/\/www.babysph\u00e4re.at\/home\/saeuglingspflege\/","title":{"rendered":"S\u00e4uglingspflege"},"content":{"rendered":"<div class=\"row\"> <div class=\"col-md-4\">\n<h3 class=\"p1\">Preis<\/h3>\n<ul>\n<li class=\"p1\">Hausbesuch &#8211; Einzelberatung \u20ac 100,\u2013 f\u00fcr 60 min<\/li>\n<li>Ihr bekommt von mir ein einzigartiges Betreuungspaket zur Verf\u00fcgung gestellt. Dieses beinhaltet die Beratung Vorort, sowie eine schriftliche Zusammenfassung der besprochenen Themen und Unterlagen zum Nachlesen. Zus\u00e4tzlich bin ich nach der Beratung noch im Austausch mit den Familien und ihr k\u00f6nnte euch bei Fragen rund um das Thema Baby und Kleinkind immer gerne bei mir melden.<\/li>\n<\/ul>\n<ul>\n<li>Da es mir wichtig ist, mir f\u00fcr jede Familie so viel Zeit zu nehmen, wie diese ben\u00f6tigt, so rechne ich nach der Beratung ab. Inkludiert ist die Beratung mit ihrer angegebenen Zeit, sowie eine Anfahrt im n\u00e4heren Umkreis meiner Standorte. F\u00fcr weitere Anfahrten erlaube ich mir <a href=\"https:\/\/www.babysph\u00e4re.at\/home\/fahrtengeld\/\">Fahrtengeld<\/a> zu berechnen. Sollte die Beratung die angegebene Zeit \u00fcberschreiten, so wird f\u00fcr jede angefangene Viertelstunde 15 \u20ac in Rechnung gestellt.<\/li>\n<li>Beratung in angenehmer und vertrauter AtmosPH\u00c4RE, unter Wahrung eurer IntimsPH\u00c4RE, das ist BabysPH\u00c4RE<\/li>\n<\/ul>\n<p><em>Es ist mir wichtig, dass alle angebotenen Leistungen f\u00fcr alle Menschen unserer Gesellschaft zug\u00e4nglich und leistbar sind! Ein Gro\u00dfteil meiner Angebote wird durch die Krankenkassen in \u00d6sterreich (noch) nicht abgegolten und nur zum Teil durch private Zusatz-Kassen ersetzt. F\u00fcr sozial Schwache und bei l\u00e4ngerer Behandlungsdauer besteht die M\u00f6glichkeit, einen Sozialtarif zu erwirken \u2013 Bitte rufen Sie mich einfach an.<\/em><\/p>\n<p><em>\u00a0<\/em><\/p>\n<\/div><div class=\"col-md-4\">\n<h3 class=\"p1\">Themen<\/h3>\n<ul class=\"ul1\">\n<li>Vorbereitung in der Schwangerschaft auf den Umgang mit dem Baby sowie Ern\u00e4hrung des Babys<\/li>\n<li>Wie und wie oft wickle ich mein Baby?<\/li>\n<li>Wie und wie oft soll ich mein Baby baden?<\/li>\n<li>Wie kann ich mein Baby kin\u00e4sthetisch heben, tragen, drehen, \u2026<\/li>\n<li>Was mache ich, wenn mein Baby sehr unruhig ist?<\/li>\n<li>Wie soll ich mein Baby am besten ern\u00e4hren?<\/li>\n<li>Was ziehe ich meinem Baby an?<\/li>\n<li>Kann ich mein Baby verw\u00f6hnen?<\/li>\n<\/ul>\n<\/div><div class=\"col-md-4\">\n<h3><img loading=\"lazy\" decoding=\"async\" class=\"alignleft wp-image-1075 size-medium\" src=\"https:\/\/www.babysph\u00e4re.at\/wp-content\/uploads\/2023\/01\/Sa\u0308uglingspflege-300x200.jpg\" alt=\"\" width=\"300\" height=\"200\" srcset=\"https:\/\/www.babysph\u00e4re.at\/wp-content\/uploads\/2023\/01\/Sa\u0308uglingspflege-300x200.jpg 300w, https:\/\/www.babysph\u00e4re.at\/wp-content\/uploads\/2023\/01\/Sa\u0308uglingspflege-1024x682.jpg 1024w, https:\/\/www.babysph\u00e4re.at\/wp-content\/uploads\/2023\/01\/Sa\u0308uglingspflege-768x512.jpg 768w, https:\/\/www.babysph\u00e4re.at\/wp-content\/uploads\/2023\/01\/Sa\u0308uglingspflege-1536x1024.jpg 1536w, https:\/\/www.babysph\u00e4re.at\/wp-content\/uploads\/2023\/01\/Sa\u0308uglingspflege.jpg 2000w\" sizes=\"(max-width: 300px) 100vw, 300px\" \/><\/h3>\n<\/div><\/div>\n<p style=\"text-align: center;\"><strong>Haben Sie Interesse an der S\u00e4uglingspflege?<\/strong><\/p>\n<p style=\"text-align: center;\">Dann klicken Sie bitte auf <a href=\"\/anamneseblatt-saeuglingspflege\/\">&#8222;S\u00e4uglingspflege in Anspruch nehmen&#8220;<\/a>, um zu einem unverbindlichen Anamneseblatt zu gelangen.<\/p>\n<p style=\"text-align: center;\"><b><\/b><i><br \/>\n<\/i><\/p>\n<p style=\"text-align: center;\"><a href=\"\/anamneseblatt-saeuglingspflege\/\" class=\"btn button btn-shortcode kad-btn kad-btn-primary\" id=\"kadbtn647\" target=\"_self\" style=\"background-color:#c19f46;color:#FFF;\"onMouseOver=\"this.style.background='',this.style.color='#CDCDCD'\" onMouseOut=\"this.style.background='#c19f46', this.style.color='#FFF'\">S\u00e4uglingspflege in Anspruch nehmen<\/a>\n<div class=\"clearfix\"><\/div>\n<p><a href=\"\/mein-angebot-2\/\">&lt; zur\u00fcck zu meinen Angeboten<\/a><\/p>\n","protected":false},"excerpt":{"rendered":"<p>Haben Sie Interesse an der S\u00e4uglingspflege? Dann klicken Sie bitte auf &#8222;S\u00e4uglingspflege in Anspruch nehmen&#8220;, um zu einem unverbindlichen Anamneseblatt zu gelangen. &lt; zur\u00fcck zu meinen Angeboten<\/p>\n","protected":false},"author":1,"featured_media":0,"parent":0,"menu_order":0,"comment_status":"closed","ping_status":"closed","template":"page-fullwidth.php","meta":{"footnotes":""},"_links":{"self":[{"href":"https:\/\/www.babysph\u00e4re.at\/home\/wp-json\/wp\/v2\/pages\/69"}],"collection":[{"href":"https:\/\/www.babysph\u00e4re.at\/home\/wp-json\/wp\/v2\/pages"}],"about":[{"href":"https:\/\/www.babysph\u00e4re.at\/home\/wp-json\/wp\/v2\/types\/page"}],"author":[{"embeddable":true,"href":"https:\/\/www.babysph\u00e4re.at\/home\/wp-json\/wp\/v2\/users\/1"}],"replies":[{"embeddable":true,"href":"https:\/\/www.babysph\u00e4re.at\/home\/wp-json\/wp\/v2\/comments?post=69"}],"version-history":[{"count":55,"href":"https:\/\/www.babysph\u00e4re.at\/home\/wp-json\/wp\/v2\/pages\/69\/revisions"}],"predecessor-version":[{"id":1168,"href":"https:\/\/www.babysph\u00e4re.at\/home\/wp-json\/wp\/v2\/pages\/69\/revisions\/1168"}],"wp:attachment":[{"href":"https:\/\/www.babysph\u00e4re.at\/home\/wp-json\/wp\/v2\/media?parent=69"}],"curies":[{"name":"wp","href":"https:\/\/api.w.org\/{rel}","templated":true}]}}