{"id":196,"date":"2016-03-21T14:46:17","date_gmt":"2016-03-21T13:46:17","guid":{"rendered":"http:\/\/www.baumsteigen.at\/babysphaere\/?page_id=196"},"modified":"2024-04-30T14:09:06","modified_gmt":"2024-04-30T12:09:06","slug":"impressum","status":"publish","type":"page","link":"https:\/\/www.babysph\u00e4re.at\/home\/impressum\/","title":{"rendered":"Impressum"},"content":{"rendered":"<div class=\"row\"> <div class=\"col-md-6\">\n<h5 class=\"p1\">F\u00fcr diese Website verantwortlicher Herausgeber:<\/h5>\n<p class=\"p3\"><strong>Julia Walter<\/strong><span class=\"s1\"><br \/>\n<\/span>Jedlersdorfer Stra\u00dfe 182\/1\/40<br \/>\n1210 Wien<br \/>\n\u00d6sterreich<br \/>\nTelefon: 0043 680 330 30 57<br \/>\nE-Mail: juliawalter@gmx.at<br \/>\nInternet: www.babysph\u00e4re.at<\/p>\n<h5>Bildernachweis:<\/h5>\n<p>Karoline Grill<br \/>\n<a href=\"http:\/\/www.karolinegrill-photography.com\/\" target=\"_blank\" rel=\"noopener\">www.karolinegrill-photography.com<\/a><\/p>\n<p>Christoph Kerschbaum<br \/>\n<a href=\"https:\/\/studiokerschbaum.com\">www.studiokerschbaum.com<\/a><\/p>\n<p>Webdesign \/ Entwicklung:<br \/>\n<a href=\"http:\/\/www.waltergrafik.at\" target=\"_blank\" rel=\"noopener\">www.waltergrafik.at<\/a><\/p>\n<\/div><div class=\"col-md-6\">\n<h5>Datenschutzerkl\u00e4rung<\/h5>\n<p><em>Diese Website benutzt Google Analytics, einen Webanalysedienst der Google Inc. (\u201eGoogle&#8220;). Google Analytics verwendet sog. \u201eCookies&#8220;, Textdateien, die auf Ihrem Computer gespeichert werden und die eine Analyse der Benutzung der Website durch Sie erm\u00f6glichen. Die durch den Cookie erzeugten Informationen \u00fcber Ihre Benutzung dieser Website (einschlie\u00dflich Ihrer IP-Adresse) wird an einen Server von Google in den USA \u00fcbertragen und dort gespeichert. Google wird diese Informationen benutzen, um Ihre Nutzung der Website auszuwerten, um Reports \u00fcber die Websiteaktivit\u00e4ten f\u00fcr die Websitebetreiber zusammenzustellen und um weitere mit der Websitenutzung und der Internetnutzung verbundene Dienstleistungen zu erbringen. Auch wird Google diese Informationen gegebenenfalls an Dritte \u00fcbertragen, sofern dies gesetzlich vorgeschrieben oder soweit Dritte diese Daten im Auftrag von Google verarbeiten. Google wird in keinem Fall Ihre IP-Adresse mit anderen Daten von Google in Verbindung bringen. Sie k\u00f6nnen die Installation der Cookies durch eine entsprechende Einstellung Ihrer Browser Software verhindern; wir weisen Sie jedoch darauf hin, dass Sie in diesem Fall gegebenenfalls nicht s\u00e4mtliche Funktionen dieser Website vollumf\u00e4nglich nutzen k\u00f6nnen.<\/em><\/p>\n<p><em>Durch die Nutzung dieser Website erkl\u00e4ren Sie sich mit der Bearbeitung der \u00fcber Sie erhobenen Daten durch Google in der zuvor beschriebenen Art und Weise und zu dem zuvor benannten Zweck einverstanden. Der Datenerhebung und -speicherung kann\u00a0jederzeit mit Wirkung f\u00fcr die Zukunft widersprochen\u00a0werden. Angesichts der Diskussion um den Einsatz von Analysetools mit vollst\u00e4ndigen IP-Adressen m\u00f6chten wir darauf hinweisen, dass diese Website Google Analytics mit der Erweiterung \u201e_anonymizeIp()&#8220; verwendet und daher IP-Adressen nur gek\u00fcrzt weiterverarbeitet werden, um eine direkte Personenbeziehbarkeit auszuschlie\u00dfen.<\/em><\/p>\n<\/div><\/div>\n<h5 class=\"p1\"><\/h5>\n<h5 class=\"p1\"><\/h5>\n<h5 class=\"p1\"><\/h5>\n<h5><\/h5>\n","protected":false},"excerpt":{"rendered":"","protected":false},"author":1,"featured_media":0,"parent":0,"menu_order":4,"comment_status":"closed","ping_status":"closed","template":"page-fullwidth.php","meta":{"footnotes":""},"_links":{"self":[{"href":"https:\/\/www.babysph\u00e4re.at\/home\/wp-json\/wp\/v2\/pages\/196"}],"collection":[{"href":"https:\/\/www.babysph\u00e4re.at\/home\/wp-json\/wp\/v2\/pages"}],"about":[{"href":"https:\/\/www.babysph\u00e4re.at\/home\/wp-json\/wp\/v2\/types\/page"}],"author":[{"embeddable":true,"href":"https:\/\/www.babysph\u00e4re.at\/home\/wp-json\/wp\/v2\/users\/1"}],"replies":[{"embeddable":true,"href":"https:\/\/www.babysph\u00e4re.at\/home\/wp-json\/wp\/v2\/comments?post=196"}],"version-history":[{"count":21,"href":"https:\/\/www.babysph\u00e4re.at\/home\/wp-json\/wp\/v2\/pages\/196\/revisions"}],"predecessor-version":[{"id":1141,"href":"https:\/\/www.babysph\u00e4re.at\/home\/wp-json\/wp\/v2\/pages\/196\/revisions\/1141"}],"wp:attachment":[{"href":"https:\/\/www.babysph\u00e4re.at\/home\/wp-json\/wp\/v2\/media?parent=196"}],"curies":[{"name":"wp","href":"https:\/\/api.w.org\/{rel}","templated":true}]}}